31 - -131. Suppose z + 977 = 3*a, a + 37 - 354 = -4*z. Suppose -5*m - 5*p + a = q, p - 12 = 5*p. List the prime factors of m.
2, 17
Let b = -13736 - -40984. What are the prime factors of b?
2, 13, 131
Let y(m) = 29*m**2 + 8*m + 10. Let u(x) = -59*x**2 - 17*x - 20. Let t(l) = 2*u(l) + 5*y(l). What are the prime factors of t(-4)?
2, 11, 19
Let v be (-10)/((-44)/33 - (-2)/(-3)). Suppose -21 = -2*s + x, s + s = -v*x + 39. List the prime factors of 741/s - 2/(-8).
2, 31
Let r = -2057 + 4177. List the prime factors of r.
2, 5, 53
Suppose -60*k + 80 = -62*k. Suppose -107 = l + 3*g, -l + 4*g = 2*l + 321. Let w = k - l. What are the prime factors of w?
67
Let k = -7588 + 21522. List the prime factors of k.
2, 6967
What are the prime factors of -4 + (-7)/(-4)*2 - (-399090)/20?
2, 11, 907
Suppose 0 = -32*i - 368917 + 1005399 + 564862. List the prime factors of i.
2, 3, 6257
Let g = 39882 + -21669. List the prime factors of g.
3, 13, 467
Let m(i) = -549*i + 287*i + 270*i - 2 + 1. Let t = -4 + 6. List the prime factors of m(t).
3, 5
Let m(z) = -z**3 + 45*z**2 - 62*z + 53. Let i(g) = 3*g + 82. Let t be i(-13). List the prime factors of m(t).
5, 7, 31
Suppose 27*g + 2439 = 129609. Suppose -3*f + 3*a = 4*a - g, -5*a = -15. What are the prime factors of f?
3, 523
Suppose -462088 = -114*f + 25*f. List the prime factors of f.
2, 11, 59
Suppose 699*x + 16434 = 717*x. List the prime factors of x.
11, 83
Suppose -8*t + 30637 = 5189. Suppose -2*z - 7418 = -5*d - 2107, 3*d - t = 4*z. What are the prime factors of d?
1063
Let n = 26837 + -14540. List the prime factors of n.
3, 4099
Suppose f - 3*r = 10124, -3*f + 4*r = -25107 - 5260. What are the prime factors of f?
29, 349
Let j be (31 - (1 - 0))*4/6. Suppose j*i = 21*i + 2. List the prime factors of 3/(-24)*-6*(-160)/i.
2, 3, 5
Suppose 408*k = 440*k - 33120. List the prime factors of k.
3, 5, 23
Let x be (-16 - -15) + (-1 - 174). List the prime factors of (-47036)/x - (-5)/(-4).
2, 7, 19
List the prime factors of (-114)/24*(35072/4)/(-4).
2, 19, 137
Suppose 0 = -6*y + 411 - 51. Suppose 2*k = 2 + y. What are the prime factors of k?
31
Let a(x) = 211*x**2 + 10*x - 345. List the prime factors of a(12).
3, 1117
Suppose -47*h - 72*h = -794920. What are the prime factors of h?
2, 5, 167
Suppose 5*x - 2*a = 48359, 17*a = 14*a + 24. What are the prime factors of x?
3, 5, 43
What are the prime factors of 22/495 + 14411660/900?
67, 239
Let a(h) = 4*h**2 - 8*h - 26. Let t be (1 - -13)*(-26)/(-91). Let x(z) = 3*z**2 - 7*z - 25. Let j(s) = t*a(s) - 5*x(s). What are the prime factors of j(10)?
151
Let p be 17/(-2 - -1) + 1. What are the prime factors of (-2)/(-16) + (-974)/p?
61
Suppose 414 = -j - 32*n + 30*n, -4*j - 1660 = 4*n. Suppose -1549 - 1576 = -5*b. Let i = b + j. List the prime factors of i.
11, 19
Suppose -31*l = 9039 - 235. Suppose -531 = -3*w - 2109. Let c = l - w. What are the prime factors of c?
2, 11
Suppose -111*q - 43*q = 49*q - 4883571. List the prime factors of q.
3, 11
Suppose 0 = -4*g - 16, -117*a = -120*a + 4*g + 247549. List the prime factors of a.
11, 13, 577
Suppose 89*m - 359112 = 142581. What are the prime factors of m?
3, 1879
Let g = 9908 + -5220. List the prime factors of g.
2, 293
Let w(l) = 2*l**3 - 12*l**2 + 5*l - 28. Let u be w(7). Suppose 3*o = -o - a + 384, 2*a + u = o. What are the prime factors of o?
97
Let k = -30 - -32. Suppose k*m = x - 12, 4*x + 48 + 8 = -5*m. What are the prime factors of m/10*(-15)/(-6) + 77?
3, 5
Let l(n) = -16*n**2 + 4*n - 14. Let s be l(5). Let h = s + 819. What are the prime factors of h?
5, 17
Let q(v) = 42*v**3 + 8*v**2 - 66*v + 102. List the prime factors of q(9).
2, 3, 23, 223
Let l(d) be the second derivative of -1/12*d**4 + 31/6*d**3 - 53/2*d**2 + 22*d + 0. What are the prime factors of l(26)?
7, 11
List the prime factors of 1335/(-178)*1578/(-9).
5, 263
Let n(p) = -p**2 + 8*p + 10. Let j = 10 + -1. Let x be n(j). List the prime factors of x/(-5 + (-936)/(-187)).
11, 17
Let t = -3792 - -8804. Suppose 67*h = 71*h - t. What are the prime factors of h?
7, 179
Suppose 0 = 50*z - 60*z + 5190. Let i = z + -368. What are the prime factors of i?
151
List the prime factors of (-9)/(-27) + 3/(9/22022).
3, 2447
Let j = -996 - 174. Let x = j - -2219. What are the prime factors of x?
1049
Suppose -5*x + 10*x - 150 = 0. Suppose -x*a + 326 = -28*a. What are the prime factors of a?
163
Suppose 14*n + 16730 = 6*n + 22*n. What are the prime factors of n?
5, 239
Let s(g) = 1076*g - 960. List the prime factors of s(4).
2, 11, 19
What are the prime factors of (20321/21)/(((-51)/68)/(9/(-2)))?
2, 2903
Suppose -93*u + 103*u = -4830. Let q = u + 671. What are the prime factors of q?
2, 47
Suppose -3*d = -0*d + 15. Let l be d/(-15) + (-632)/(-12). Let u = -28 + l. What are the prime factors of u?
5
Let l = 54036 + -22241. List the prime factors of l.
5, 6359
Let j(s) = -30*s - 10. Let m be j(11). Let h(w) = -125*w + 3. Let t be h(-4). Let l = t + m. What are the prime factors of l?
163
Let d(s) = -1446*s - 255. What are the prime factors of d(-11)?
3, 37, 47
Suppose 65421 = 2*u - v, 0 = 2*u + v - 44105 - 21326. List the prime factors of u.
32713
Let b(x) = -85*x**3 - 3*x**2 - 13*x + 12. Let o(v) = 28*v**3 + v**2 + 4*v - 4. Let h(d) = 2*b(d) + 7*o(d). What are the prime factors of h(2)?
2, 53
List the prime factors of (-6990191)/(-1006) + 1*2/(-4).
2, 3, 193
Let l(p) be the second derivative of -p**5/20 + 2*p**4/3 + 4*p**3/3 + p**2/2 + 2*p. Suppose 7*c - 133 = -12*c. List the prime factors of l(c).
2, 53
Let r(d) = -d**3 - 6*d**2 - 9*d - 26. Suppose -5*w = -b + 19, 11*w - 3*b + 13 = 7*w. Let f be r(w). Let l = 194 - f. List the prime factors of l.
2, 3
Suppose 3*b + 6*r + 14 = 11*r, 0 = 3*b + 3*r - 18. Suppose b*a = -o + 231, -4*a = 2*o - 5*a - 467. What are the prime factors of o?
233
Suppose 11*g + 7 - 51 = 0. Suppose 0 = g*f - 35 - 449. What are the prime factors of f?
11
Suppose 0 = -2*d - c + 976, 599 = 2*d - 4*c - 397. Let q = d - -25. List the prime factors of q.
5, 103
Let i be (38386 - -2)*(133/(-14) + 10). Suppose 5*x + i = 19*x. What are the prime factors of x?
3, 457
Let m(x) = -x**3 - 6*x**2 + x + 9. Let h be m(-6). Let y be (-1)/3 - ((-112)/(-6) + h). List the prime factors of (-1)/5*16610/y.
151
Let i = 688 - 690. What are the prime factors of (i - 0)*(2 + (-3345)/6)?
11, 101
Suppose 9*p = 2889 + 9270. List the prime factors of p.
7, 193
Let d = 8771 + 1853. What are the prime factors of d?
2, 83
Let c(r) = -44*r + 2. Let d = -29 + 27. What are the prime factors of c(d)?
2, 3, 5
Let d(a) = -15*a**3 - 6*a**2 - 35*a - 151. What are the prime factors of d(-6)?
3083
Suppose -5*r - 72578 = -3*v, -4*v + 2673*r = 2671*r - 96752. What are the prime factors of v?
2, 3, 29, 139
Suppose 4*u + 21 = -5*n, 3*u + 0*n = n + 8. Let g(l) = 273*l. What are the prime factors of g(u)?
3, 7, 13
Let q be 1894/8 - 10/(-40). Let k = -140 + q. Suppose -5*n = -l + 7, 0*l + 4*n - k = -3*l. What are the prime factors of l?
3
Let k(t) = 6472*t**2 - 146*t - 144. What are the prime factors of k(-1)?
2, 3, 13, 83
Suppose -4*m - 14704 = -0*v + 2*v, 5*m = 3*v + 22089. List the prime factors of v/(-39)*(-3)/(-2).
283
Suppose -3820 = -17*h + 4153. Suppose 3*z = h + 839. What are the prime factors of z?
2, 109
Let g(k) = 41 - 62 + 34 + 62*k. What are the prime factors of g(8)?
509
List the prime factors of -10587*(630/(-216) - 1/(-4)) - 4.
2, 7057
Let j(b) = 151*b**2 + 8*b - 5. What are the prime factors of j(6)?
5479
Suppose -8*j + 142 = -162. Suppose -15*p = -j*p + 5428. List the prime factors of p.
2, 59
List the prime factors of 8 + (8 + -7 + -3 - -1841).
1847
Let v be (-15)/(-6) + (-201)/6*-11. Let k = v + -352. List the prime factors of k.
19
Let y(l) = 458*l**2 - 22*l - 136. What are the prime factors of y(-9)?
2, 5, 929
Let b = 6994 - 5574. List the prime factors of b.
2, 5, 71
Let m be (-3)/(-4) - (-14665)/20. Suppose d - m = -3*s, 4*s = s - 4*d + 731. What are the prime factors of s?
5, 7
Let x be 0 - (4/6 - 37/(-3)). Let g(z) = -12 + z - 3*z - 9 + 1. What are the prime factors of g(x)?
2, 3
Let c(s) = s**3 + 14*s**2 - 4*s + 10. Let h be (5/(-3) - -3)*-3. Let u be h/6*(15 - -6). List the prime factors of c(u).
2, 3, 11
Let u(t) = -t**3 - 35*t**2 - 73*t + 48. Suppose 3*g + 3*o + 150 = -2*g, -2*